597 a composite number?
False
Is 389819 a prime number?
True
Is 11093479 composite?
False
Is 6765257 prime?
True
Is 10754113 a composite number?
True
Is 167332127 composite?
True
Is 7059683 composite?
False
Is 10011713 prime?
True
Is 161935123 a composite number?
True
Is 3205681 composite?
False
Is 172500667 a prime number?
False
Is 3987011 prime?
False
Is 29108713 composite?
True
Is 1654063 prime?
False
Is 909971 prime?
True
Is 5926397 composite?
False
Is 6209239 a composite number?
False
Is 20432941 composite?
True
Is 2889113 a prime number?
True
Is 1081998887 a composite number?
False
Is 1243574399 a composite number?
False
Is 38669129 prime?
True
Is 523817 a composite number?
True
Is 18650441 prime?
True
Is 40538963 prime?
True
Is 13218557 prime?
False
Is 4887571 a composite number?
True
Is 17880631 composite?
False
Is 7133039 composite?
True
Is 240197 a prime number?
True
Is 87794633 composite?
True
Is 701486647 composite?
False
Is 86938811 a composite number?
False
Is 20469373 composite?
True
Is 5987165 a composite number?
True
Is 1458273 prime?
False
Is 235165391 a prime number?
True
Is 47626171 a composite number?
True
Is 9603103 composite?
False
Is 12178511 a prime number?
False
Is 465493 prime?
False
Is 216802 composite?
True
Is 574531 prime?
False
Is 4913369 prime?
True
Is 61035289 a prime number?
False
Is 50087171 a prime number?
True
Is 11957453 a composite number?
False
Is 10627367 a composite number?
False
Is 42917729 prime?
True
Is 254801 composite?
True
Is 19233343 a prime number?
True
Is 11652523 a composite number?
False
Is 433527197 a prime number?
True
Is 53685649 a prime number?
True
Is 12674705 composite?
True
Is 15053 a composite number?
False
Is 149184779 composite?
False
Is 156263 composite?
True
Is 23183497 a composite number?
True
Is 8952311 prime?
True
Is 605203 prime?
False
Is 2739361 composite?
True
Is 7522363 composite?
False
Is 501243 a prime number?
False
Is 43426337 a prime number?
True
Is 5559557 prime?
False
Is 68946026 a composite number?
True
Is 5839511 a composite number?
False
Is 3516083 prime?
False
Is 1831831 a composite number?
False
Is 57996193 prime?
True
Is 75087037 a composite number?
False
Is 221393 composite?
False
Is 515507 a composite number?
False
Is 9143 a prime number?
False
Is 415477703 composite?
True
Is 2505974 a composite number?
True
Is 947239 composite?
False
Is 1117329127 a composite number?
False
Is 11182597 a composite number?
False
Is 15393427 composite?
True
Is 4956691 composite?
False
Is 1225061 a prime number?
True
Is 22107 a prime number?
False
Is 16949669 a prime number?
False
Is 5268343 composite?
True
Is 2635247 composite?
False
Is 57234895 a composite number?
True
Is 131303059 a prime number?
False
Is 41202433 prime?
False
Is 13967491 prime?
False
Is 160943347 composite?
True
Is 219649723 a composite number?
True
Is 5455309 a composite number?
False
Is 697524419 a prime number?
True
Is 426611 a prime number?
True
Is 355247609 a prime number?
True
Is 302532859 a prime number?
True
Is 1090249 a prime number?
True
Is 64692541 composite?
False
Is 610429 a prime number?
True
Is 1128665 composite?
True
Is 437629 prime?
True
Is 480839 composite?
False
Is 45303 a prime number?
False
Is 612751 prime?
True
Is 29612309 a composite number?
False
Is 10718278 a composite number?
True
Is 7701137 composite?
True
Is 8855027 a composite number?
False
Is 12810041 a prime number?
True
Is 265751 a prime number?
False
Is 434965439 composite?
True
Is 21892666 composite?
True
Is 4427369 a composite number?
False
Is 484877 a prime number?
False
Is 232080691 prime?
True
Is 173339 prime?
False
Is 1162367 a prime number?
True
Is 607166963 a prime number?
False
Is 1805633 a composite number?
False
Is 12197811 prime?
False
Is 38046991 a prime number?
False
Is 15360339 composite?
True
Is 303037913 composite?
True
Is 520257417 prime?
False
Is 1532917 a composite number?
False
Is 408059153 a composite number?
False
Is 54691942 prime?
False
Is 4896923 prime?
True
Is 3408349 composite?
True
Is 436826167 a prime number?
False
Is 645101 composite?
True
Is 267868501 composite?
True
Is 2990503 composite?
True
Is 60913277 a prime number?
True
Is 146057723 prime?
False
Is 3709249 prime?
True
Is 4810679 a prime number?
False
Is 10381627 a composite number?
True
Is 1669027 a composite number?
False
Is 5819113 prime?
True
Is 51504049 a composite number?
False
Is 42783799 prime?
True
Is 211279 a prime number?
False
Is 18960077 prime?
False
Is 4630219 composite?
True
Is 207491 prime?
True
Is 815239 composite?
True
Is 77077345 a prime number?
False
Is 1997329 composite?
True
Is 2104363 prime?
True
Is 115400177 composite?
True
Is 76416341 a prime number?
False
Is 3608357 a composite number?
False
Is 2029103 composite?
True
Is 95576927 a composite number?
False
Is 87847 a prime number?
False
Is 1880101 prime?
False
Is 251207897 a prime number?
False
Is 1945891 a prime number?
True
Is 7547633 composite?
False
Is 1247329249 composite?
False
Is 12441239 a composite number?
False
Is 514573 prime?
False
Is 8956481 a prime number?
True
Is 69486167 prime?
True
Is 3753109 composite?
False
Is 220235941 prime?
False
Is 8093803 composite?
False
Is 4730287 a prime number?
True
Is 248049677 prime?
True
Is 5318777 prime?
False
Is 24990027 composite?
True
Is 13487707 a composite number?
False
Is 290691043 composite?
True
Is 3175673 prime?
False
Is 264659 prime?
True
Is 2370041 a prime number?
False
Is 124820071 composite?
False
Is 3855457 a composite number?
True
Is 1369399 composite?
True
Is 436891337 a composite number?
False
Is 4853165 a composite number?
True
Is 19248661 a composite number?
False
Is 1131511 composite?
True
Is 17170603 a composite number?
False
Is 102370127 prime?
True
Is 495797623 a prime number?
True
Is 12586013 a composite number?
True
Is 6183293 prime?
False
Is 4201735 composite?
True
Is 2941123 a prime number?
True
Is 1126421977 composite?
True
Is 163960187 a composite number?
False
Is 12864791 a composite number?
False
Is 884899 composite?
False
Is 530570149 prime?
False
Is 31306939 composite?
True
Is 20059049 a composite number?
False
Is 127377221 a composite number?
False
Is 810473 a composite number?
False
Is 26742473 a prime number?
True
Is 16800599 prime?
False
Is 3154211 a composite number?
False
Is 3097079 composite?
False
Is 9474931 prime?
True
Is 412849 prime?
True
Is 67587649 composite?
False
Is 125094061 composite?
True
Is 4645453 a prime number?
False
Is 21544111 a prime number?
False
Is 68070463 prime?
True
Is 792979 prime?
False
Is 2321 a composite number?
True
Is 116276087 composite?
True
Is 2856907 a composite number?
True
Is 105255539 a prime number?
True
Is 5632387 a composite number?
False
Is 289971887 composite?
True
Is 20438065 prime?
False
Is 512491697 prime?
True
Is 324407 a prime number?
False
Is 10538767 prime?
False
Is 13190927 a composite number?
False
Is 535859453 a prime number?
False
Is 12408073 composite?
False
Is 6734443 a composite number?
False
Is 1103461 a prime number?
True
Is 122607299 composite?
False
Is 731824693 a prime number?
True
Is 404430163 prime?
True
Is 156596861 prime?
False
Is 11398679 a composite number?
False
Is 4453349 prime?
True
Is 3733502 prime?
False
Is 59517421 prime?
True
Is 7426049 a prime number?
False
Is 28787657 a composite number?
False
Is 292993237 prime?
False
Is 177038503 composite?
False
Is 13634057 a prime number?
False
Is 6336763 composite?
False
Is 1616569 composite?
False
Is 194818366 prime?
False
Is 2489749 a composite number?
False
Is 13414721 a composite number?
False
Is 440863 composite?
False
Is 708637 a composite number?
True
Is 41223829 a prime number?
True
Is 47655581 a prime number?
False
Is 41825053 a composite number?
True
Is 7825351 a prime number?
False
Is 20462377 a composite number?
True
Is 271627 composite?
True
Is 44421001 a prime number?
True
Is 5946887 composite?
False
Is 6724769 a prime number?
True
Is 7212241 a prime number?
False
Is 2134399 a prime number?
True
Is 107956203 a composite number?
True
Is 352928153 a composite number?
False
Is 532743989 prime?
True
Is 40516051 a prime number?
True
Is 2219771 a composite number?
False
Is 819735913 composite?
True
Is 35010419 a prime number?
True
Is 575537 composite?
T